he remainder when 451983 is divided by 685.
568
What is the remainder when 166724508 is divided by 2914?
2912
Calculate the remainder when 7304470 is divided by 12.
10
What is the remainder when 4564096 is divided by 2617?
48
Calculate the remainder when 190459 is divided by 10467.
2053
What is the remainder when 26599396 is divided by 1486?
1482
Calculate the remainder when 2804664 is divided by 1402287.
90
Calculate the remainder when 433782 is divided by 266.
202
What is the remainder when 156191 is divided by 174?
113
What is the remainder when 206772 is divided by 51685?
32
What is the remainder when 555245 is divided by 219?
80
What is the remainder when 1175539 is divided by 566?
523
Calculate the remainder when 13980842 is divided by 116507.
2
Calculate the remainder when 27937577 is divided by 3492197.
1
Calculate the remainder when 19220156 is divided by 160.
156
Calculate the remainder when 13254850 is divided by 26.
24
Calculate the remainder when 300831 is divided by 14966.
1511
What is the remainder when 4088247 is divided by 12?
3
Calculate the remainder when 1089677427 is divided by 1285.
1282
Calculate the remainder when 346682 is divided by 69307.
147
What is the remainder when 3848878 is divided by 58316?
22
Calculate the remainder when 225590 is divided by 145.
115
Calculate the remainder when 47812 is divided by 662.
148
What is the remainder when 305288 is divided by 305173?
115
What is the remainder when 4762271 is divided by 264?
239
What is the remainder when 77931504 is divided by 21?
0
What is the remainder when 3661853 is divided by 277?
190
What is the remainder when 3243557 is divided by 10?
7
Calculate the remainder when 4155696 is divided by 13.
12
Calculate the remainder when 15155 is divided by 14134.
1021
What is the remainder when 25676 is divided by 5029?
531
What is the remainder when 5531899 is divided by 691487?
3
Calculate the remainder when 6120283 is divided by 45002.
11
Calculate the remainder when 77432044 is divided by 611.
14
What is the remainder when 2116276 is divided by 2176?
1204
What is the remainder when 453632 is divided by 64482?
2258
What is the remainder when 111580 is divided by 3599?
11
Calculate the remainder when 191197132 is divided by 42.
28
What is the remainder when 4182453 is divided by 70?
23
What is the remainder when 114235 is divided by 446?
59
Calculate the remainder when 16277739 is divided by 1489.
1480
What is the remainder when 9525910 is divided by 105?
100
Calculate the remainder when 6381381 is divided by 516.
9
Calculate the remainder when 5556770 is divided by 8977.
7
Calculate the remainder when 14049307 is divided by 935.
932
What is the remainder when 308891 is divided by 4081?
2816
What is the remainder when 104529482 is divided by 1409?
1408
Calculate the remainder when 73366285 is divided by 286587.
13
What is the remainder when 1312334 is divided by 4229?
1344
What is the remainder when 20225 is divided by 2204?
389
What is the remainder when 8750 is divided by 182?
14
Calculate the remainder when 9474760 is divided by 3127.
3077
Calculate the remainder when 8822153 is divided by 134.
129
Calculate the remainder when 12096 is divided by 294.
42
What is the remainder when 221000 is divided by 48?
8
What is the remainder when 36810261 is divided by 13?
7
What is the remainder when 136721 is divided by 45171?
1208
What is the remainder when 39415262 is divided by 10?
2
What is the remainder when 233979 is divided by 3249?
51
What is the remainder when 1623917 is divided by 6823?
43
What is the remainder when 3772321 is divided by 1257440?
1
What is the remainder when 191145792 is divided by 831?
3
Calculate the remainder when 5278703 is divided by 92.
19
What is the remainder when 1186224 is divided by 41?
12
What is the remainder when 24672060 is divided by 771001?
28
Calculate the remainder when 67386658 is divided by 12.
10
Calculate the remainder when 6425 is divided by 6306.
119
What is the remainder when 4303010 is divided by 4302998?
12
Calculate the remainder when 38432781 is divided by 3623.
3620
What is the remainder when 506715 is divided by 79?
9
What is the remainder when 570193 is divided by 189771?
880
Calculate the remainder when 37814996 is divided by 793.
791
Calculate the remainder when 13215 is divided by 4359.
138
What is the remainder when 23560 is divided by 3644?
1696
What is the remainder when 35802331 is divided by 769?
767
What is the remainder when 16959418 is divided by 8197?
8022
What is the remainder when 1625141 is divided by 270839?
107
What is the remainder when 331824 is divided by 395?
24
What is the remainder when 134390613 is divided by 3731?
3724
Calculate the remainder when 4268263 is divided by 747.
652
Calculate the remainder when 229998579 is divided by 256.
243
Calculate the remainder when 22415856 is divided by 107.
105
Calculate the remainder when 251373 is divided by 368.
29
What is the remainder when 800295 is divided by 212?
207
What is the remainder when 5293466 is divided by 2646732?
2
Calculate the remainder when 10536458 is divided by 100347.
23
Calculate the remainder when 188763 is divided by 3254.
31
Calculate the remainder when 135158 is divided by 1689.
38
What is the remainder when 815721860 is divided by 1718?
1716
Calculate the remainder when 181106 is divided by 181026.
80
What is the remainder when 7664853 is divided by 95?
63
What is the remainder when 71987052 is divided by 81?
3
What is the remainder when 4473105 is divided by 2642?
199
What is the remainder when 328665552 is divided by 18?
6
Calculate the remainder when 363121 is divided by 4973.
92
What is the remainder when 348698 is divided by 31?
10
What is the remainder when 814417 is divided by 3455?
2492
Calculate the remainder when 5237139 is divided by 679.
12
Calculate the remainder when 177705012 is divided by 18.
12
Calculate the remainder when 6922224 is divided by 17.
11
Calculate the remainder when 173922 is divided by 34738.
232
Calculate the remainder when 5096543 is divided by 132.
23
Calculate the remainder when 74291 is divided by 325.
191
Calculate the remainder when 181286 is divided by 5046.
4676
Calculate the remainder when 6122792 is divided by 403.
13
What is the remainder when 16434338 is divided by 8217120?
98
Calculate the remainder when 203213 is divided by 99.
65
What is the remainder when 960556 is divided by 160071?
130
What is the remainder when 2445349 is divided by 3925?
74
What is the remainder when 13383 is divided by 2646?
153
Calculate the remainder when 23615 is divided by 59.
15
What is the remainder when 25565 is divided by 878?
103
What is the remainder when 6056372 is divided by 3196?
3148
Calculate the remainder when 8391353 is divided by 1839.
1835
What is the remainder when 9493168 is divided by 13058?
2
Calculate the remainder when 3026373 is divided by 479.
51
What is the remainder when 60748 is divided by 57405?
3343
Calculate the remainder when 2735702 is divided by 6406.
340
What is the remainder when 32166 is divided by 2965?
2516
What is the remainder when 154538 is divided by 873?
17
Calculate the remainder when 50288463 is divided by 141.
108
Calculate the remainder when 31235 is divided by 15322.
591
What is the remainder when 145531 is divided by 2058?
1471
What is the remainder when 2452921 is divided by 44597?
86
Calculate the remainder when 8263723 is divided by 1032963.
19
What is the remainder when 25116 is divided by 2814?
2604
What is the remainder when 73080 is divided by 70601?
2479
Calculate the remainder when 15050 is divided by 2790.
1100
What is the remainder when 2077170 is divided by 2938?
4
Calculate the remainder when 189782 is divided by 295.
97
Calculate the remainder when 97472 is divided by 413.
4
Calculate the remainder when 614591 is divided by 136.
7
What is the remainder when 438720325 is divided by 374?
373
What is the remainder when 198346090 is divided by 16?
10
What is the remainder when 1123627 is divided by 1156?
1151
Calculate the remainder when 10301769 is divided by 21462.
9
What is the remainder when 50392693 is divided by 80?
53
Calculate the remainder when 317047747 is divided by 250.
247
What is the remainder when 137306 is divided by 3808?
218